e the prime factors of 9966?
2, 3, 11, 151
What are the prime factors of 903?
3, 7, 43
What are the prime factors of 40?
2, 5
List the prime factors of 2270.
2, 5, 227
List the prime factors of 260.
2, 5, 13
What are the prime factors of 1727?
11, 157
List the prime factors of 13687.
13687
List the prime factors of 4067.
7, 83
List the prime factors of 953.
953
List the prime factors of 27405.
3, 5, 7, 29
List the prime factors of 57681.
3, 13, 17, 29
What are the prime factors of 9692?
2, 2423
What are the prime factors of 20682?
2, 3, 383
List the prime factors of 678.
2, 3, 113
What are the prime factors of 21828?
2, 3, 17, 107
List the prime factors of 4165.
5, 7, 17
What are the prime factors of 68405?
5, 13681
What are the prime factors of 73682?
2, 7, 19, 277
What are the prime factors of 28237?
11, 17, 151
What are the prime factors of 62645?
5, 11, 17, 67
List the prime factors of 656.
2, 41
List the prime factors of 28326.
2, 3, 4721
What are the prime factors of 3557?
3557
What are the prime factors of 1227?
3, 409
List the prime factors of 122160.
2, 3, 5, 509
List the prime factors of 3136.
2, 7
What are the prime factors of 11543?
7, 17, 97
List the prime factors of 27908.
2, 6977
List the prime factors of 52124.
2, 83, 157
What are the prime factors of 1291?
1291
What are the prime factors of 11078?
2, 29, 191
What are the prime factors of 1428?
2, 3, 7, 17
What are the prime factors of 7534?
2, 3767
List the prime factors of 966.
2, 3, 7, 23
List the prime factors of 16111.
16111
What are the prime factors of 1482?
2, 3, 13, 19
What are the prime factors of 26125?
5, 11, 19
List the prime factors of 420.
2, 3, 5, 7
What are the prime factors of 1586?
2, 13, 61
List the prime factors of 4388.
2, 1097
List the prime factors of 37126.
2, 19, 977
What are the prime factors of 28204?
2, 11, 641
List the prime factors of 802.
2, 401
List the prime factors of 28633.
11, 19, 137
What are the prime factors of 29221?
29221
What are the prime factors of 29913?
3, 13, 59
List the prime factors of 445.
5, 89
What are the prime factors of 53683?
7, 7669
List the prime factors of 1042.
2, 521
List the prime factors of 5726.
2, 7, 409
What are the prime factors of 45656?
2, 13, 439
What are the prime factors of 10878?
2, 3, 7, 37
List the prime factors of 252.
2, 3, 7
What are the prime factors of 610?
2, 5, 61
What are the prime factors of 764?
2, 191
What are the prime factors of 555?
3, 5, 37
What are the prime factors of 666?
2, 3, 37
List the prime factors of 563.
563
List the prime factors of 454.
2, 227
What are the prime factors of 16169?
19, 23, 37
List the prime factors of 12869.
17, 757
What are the prime factors of 9348?
2, 3, 19, 41
List the prime factors of 33019.
7, 53, 89
List the prime factors of 12422.
2, 6211
List the prime factors of 32494.
2, 7, 11, 211
List the prime factors of 22235.
5, 4447
What are the prime factors of 2390?
2, 5, 239
What are the prime factors of 6558?
2, 3, 1093
List the prime factors of 1679.
23, 73
What are the prime factors of 572?
2, 11, 13
What are the prime factors of 451?
11, 41
What are the prime factors of 61735?
5, 12347
List the prime factors of 43995.
3, 5, 7, 419
What are the prime factors of 25493?
13, 37, 53
List the prime factors of 3890.
2, 5, 389
List the prime factors of 628.
2, 157
List the prime factors of 1805.
5, 19
What are the prime factors of 1955?
5, 17, 23
List the prime factors of 897.
3, 13, 23
List the prime factors of 1443.
3, 13, 37
List the prime factors of 15020.
2, 5, 751
List the prime factors of 1630.
2, 5, 163
What are the prime factors of 7153?
23, 311
What are the prime factors of 1591?
37, 43
What are the prime factors of 3704?
2, 463
What are the prime factors of 2467?
2467
What are the prime factors of 253?
11, 23
What are the prime factors of 115375?
5, 13, 71
What are the prime factors of 6835?
5, 1367
List the prime factors of 3701.
3701
List the prime factors of 19278.
2, 3, 7, 17
List the prime factors of 355.
5, 71
What are the prime factors of 1098?
2, 3, 61
List the prime factors of 74042.
2, 37021
List the prime factors of 262.
2, 131
List the prime factors of 1367.
1367
List the prime factors of 12827.
101, 127
What are the prime factors of 44871?
3, 14957
List the prime factors of 3714.
2, 3, 619
What are the prime factors of 2131?
2131
What are the prime factors of 2270?
2, 5, 227
What are the prime factors of 61238?
2, 67, 457
List the prime factors of 296.
2, 37
What are the prime factors of 45415?
5, 31, 293
List the prime factors of 1018.
2, 509
List the prime factors of 588.
2, 3, 7
List the prime factors of 1787.
1787
What are the prime factors of 1174?
2, 587
List the prime factors of 4425.
3, 5, 59
List the prime factors of 7393.
7393
List the prime factors of 2798.
2, 1399
List the prime factors of 1367.
1367
List the prime factors of 2513.
7, 359
What are the prime factors of 2472?
2, 3, 103
What are the prime factors of 13122?
2, 3
List the prime factors of 28717.
13, 47
What are the prime factors of 5472?
2, 3, 19
What are the prime factors of 448?
2, 7
What are the prime factors of 12584?
2, 11, 13
What are the prime factors of 393?
3, 131
What are the prime factors of 381?
3, 127
What are the prime factors of 8054?
2, 4027
What are the prime factors of 1084?
2, 271
What are the prime factors of 32078?
2, 43, 373
List the prime factors of 2220.
2, 3, 5, 37
What are the prime factors of 26348?
2, 7, 941
What are the prime factors of 21454?
2, 17, 631
List the prime factors of 11355.
3, 5, 757
What are the prime factors of 71694?
2, 3, 7, 569
What are the prime factors of 1063?
1063
List the prime factors of 366.
2, 3, 61
What are the prime factors of 12423?
3, 41, 101
List the prime factors of 102319.
7, 47, 311
List the prime factors of 7181.
43, 167
What are the prime factors of 5633?
43, 131
What are the prime factors of 63757?
103, 619
List the prime factors of 477.
3, 53
List the prime factors of 16343.
59, 277
List the prime factors of 422.
2, 211
What are the prime factors of 31746?
2, 3, 11, 13, 37
List the prime factors of 17591.
7, 359
What are the prime factors of 762?
2, 3, 127
List the prime factors of 825.
3, 5, 11
List the prime factors of 1511.
1511
List the prime factors of 30269.
30269
What are the prime factors of 14705?
5, 17, 173
What are the prime factors of 66770?
2, 5, 11, 607
What are the prime factors of 170864?
2, 59, 181
What are the prime factors of 7527?
3, 13, 193
List the prime factors of 860.
2, 5, 43
What are the prime factors of 25124?
2, 11, 571
What are the prime factors of 1703?
13, 131
What are the prime factors of 7781?
31, 251
What are the prime factors of 33?
3, 11
What are the prime factors of 4180?
2, 5, 11, 19
List the prime factors of 30508.
2, 29, 263
What are the prime factors of 145686?
2, 3, 24281
What are the prime factors of 26481?
3, 7, 13, 97
List the prime factors of 1258.
2, 17, 37
What are the prime factors of 2561?
13, 197
List the prime factors of 10389.
3, 3463
List the prime factors of 385.
5, 7, 11
List the prime factors of 146022.
2, 3, 24337
What are the prime factors of 23912?
2, 7, 61
List the prime factors of 1821.
3, 607
What are the prime factors of 581?
7, 83
What are the prime factors of 97454?
2, 7, 6961
What are the prime factors of 484?
2, 11
What are the prime factors of 150223?
150223
What are the prime factors of 24445?
5, 4889
List the prime factors of 36298.
2, 18149
List the prime factors of 9252.
2, 3, 257
What are the prime factors of 455?
5, 7, 13
What are the prime factors of 6241?
79
What are the prime factors of 2710?
2, 5, 271
What are the prime factors of 8406?
2, 3, 467
List the prime factors of 4393.
23, 191
List the prime factors of 12675.
3, 5, 13
List the prime factors of 1649.
17, 97
What are the prime factors of 3149?
47, 67
List the prime factors of 9235.
5, 1847
List the prime factors of 4003.
4003
List the prime factors of 8744.
2, 1093
What are the prime factors of 3336?
2, 3, 139
What are the prime factors of 2888?
2, 19
List the prime factors of 1259.
1259
List the prime factors of 18423.
3, 23, 89
List the prime factors of 35654.
2, 17827
What are the prime factors of 15340?
2, 5, 13, 59
What are the prime factors of 1836?
2, 3,